)?
1
Let b(z) be the first derivative of -z**4/4 - 2*z**3 - 3*z**2/2 + 7*z + 6. Determine b(-5).
-3
Let q(a) = -a + 6. Suppose -2*z = 5*z. Determine q(z).
6
Let p(u) = -2*u**2 - 22*u + 4. Let w be p(-11). Let r(q) = -q**3 + 3*q**2 + 6*q - 2. Calculate r(w).
6
Let v be (-2)/(-7) - 2/7. Let c(a) = 4*a - 6. Let b(j) = 10*j - j - 11 - 2. Let w(o) = 3*b(o) - 7*c(o). What is w(v)?
3
Let x be (-52)/3 - (-2)/6. Let l(a) be the second derivative of -23*a**3/6 - 23*a**2/2 - 13*a. Let c(h) = 8*h + 8. Let g(t) = x*c(t) - 6*l(t). Determine g(-5).
-8
Let j be 0*((-3)/(-6))/(-1). Suppose j = 3*z + z - 80. Suppose 6*w - z = 2*w. Let m(p) = p**3 - 4*p**2 - 3*p - 6. Determine m(w).
4
Let s = -11 + 12. Let n(x) = -8*x**3 + x**2. Give n(s).
-7
Let o(s) = -s**2 + 3*s - 9. Let p = -119 + 125. Determine o(p).
-27
Let q(i) = -3*i - 1 - i**3 + 4 + 4*i**2 + 3. Let w be (-4)/(-6) + 90/27. Calculate q(w).
-6
Let h(c) be the first derivative of -c**2/2 + 4*c + 21. Calculate h(3).
1
Let r(d) = 2*d**2 + 4*d - 3. Let b be 9/(-6)*(-8)/6. Determine r(b).
13
Let p = -42 - -51. Let d(s) = -s**3 + 8*s**2 + 11*s - 6. Determine d(p).
12
Let v(s) be the second derivative of s**3/6 + s**2 - 13*s. Determine v(-8).
-6
Let y(o) be the third derivative of -1/6*o**3 + 5*o**2 + 0 - 5/24*o**4 + 0*o + 1/60*o**5. Calculate y(4).
-5
Let z = 10 - 7. Let g(t) = 0*t + 5 + 2*t + 3 - z*t. Calculate g(0).
8
Let z(g) be the second derivative of -7/2*g**2 + 0*g**3 - 1/12*g**4 + 2*g + 0. Suppose 0 = 2*j + j. Calculate z(j).
-7
Let b(t) = 3*t**2 - t. Suppose -3*s = 9, -3*s - 2 = -m + 5. Let h = 1 + m. What is b(h)?
4
Let t(f) = -f**3 - f**2 + f - 2. Suppose -4*j = -5*j - 3*j. Determine t(j).
-2
Let d(g) = -g**3 - 5*g**2 - 4*g + 3. Let n be d(-4). Let y(w) = w**2 - 3*w - 2. What is y(n)?
-2
Let u(v) = 3*v - 4. Suppose 0*j - 4*j - 5*q = -32, 4*j - 4*q + 4 = 0. Let a be u(j). Let f(k) = -5 + a + 5*k**3 - k**2. Determine f(-1).
-6
Let f = -2 - 4. Let g be 0*(15/f)/(-5). Suppose g = 2*h + 3*h - 5. Let a(p) = -4*p + 1. What is a(h)?
-3
Let b be (0/(-2))/(-5 - -3). Let c(x) = x - 2*x**3 + 0*x**3 + b*x - 2 + 3*x**2 + 0*x. What is c(2)?
-4
Let s be (1 - -4) + 0/2. Let t(v) = -v - 2. Determine t(s).
-7
Let d(t) be the third derivative of -t**4/8 + t**3/6 + 39*t**2. What is d(2)?
-5
Let r(j) = -3*j**2 - 5*j**2 + 3*j**2. Let w = -7 - -6. Let n = 2 + w. Give r(n).
-5
Let l(u) = 2 - 9*u - 2. Let v = 5 - 9. Let g be (-10)/15*6/v. Determine l(g).
-9
Let m be 10/2*(-3 + 0)/(-3). Let g(p) = -p**2 + 3*p + 5. Determine g(m).
-5
Let x be -20*(3/6 - 0). Let v = -8 - x. Let i(r) = -r - 2. Determine i(v).
-4
Let d be (-1)/(-4) - (-78)/(-24). Let a(y) = y**2 + 4*y + 3. Determine a(d).
0
Let f(w) = -4*w**2 + 3 - 8*w**3 - w**2 - w + w**3 + 6*w**3. Calculate f(-4).
-9
Let d be 15*4/24*2/300. Let f(o) be the third derivative of 0 + 0*o + 0*o**4 + d*o**5 - 1/6*o**3 - 3*o**2. Give f(0).
-1
Suppose -5*n + 3*b = 5, -3*n - 5*b + 27 = -4. Let y(s) = 5*s - s - 1 + 0*s**n + 0*s**2 - s**2. What is y(5)?
-6
Suppose -9*c + 10*c = -2. Let s(z) = -6*z - 2. Determine s(c).
10
Let b(f) = -f**3 - 2*f + 5. Let k(r) = 2*r**3 + r**2 + 4*r - 9. Let l(w) = -5*b(w) - 3*k(w). Let t(h) = h**3 - 7*h**2 + 5*h + 4. Let m be t(6). Determine l(m).
2
Suppose -o + 16 = 3*o. Let p(n) = -o*n**2 + 5 + n**3 + 2*n - 8*n - n**2. What is p(6)?
5
Let h = -13 - -22. Let y(z) = h*z + 3 - 14*z + 11*z**2 - 4 + 7*z. Give y(1).
12
Let p = -10 - -8. Let k(r) = 4*r**2 + r + 1. Determine k(p).
15
Let l(s) = 155 - 155 - 3*s. Give l(-1).
3
Let g(f) = -f**3 + f. Suppose 10 = -6*l + l. Determine g(l).
6
Let x(l) = -2*l + 3. Let q(d) = -d**3 - 5*d**2 + 2*d + 12. Let u be q(-5). What is x(u)?
-1
Let s(k) = -3*k**3 + 4*k - 4*k + 1 - k. Let j = 8 - 4. Let c = 5 - j. Determine s(c).
-3
Let u(l) be the third derivative of l**5/60 - l**4/24 - 5*l**3/6 + 44*l**2. What is u(5)?
15
Let z(l) = -1. Let d(t) = -t + 3. Let u(h) = d(h) + 6*z(h). What is u(-5)?
2
Let h(n) be the first derivative of n**3/3 + 3*n**2/2 + 3*n - 1. Suppose 5*q = 5*m + 3*q + 16, 0 = 4*m + 3*q + 22. Give h(m).
7
Let i(t) = 2*t**2 + t - 1. Let x be (-4)/6*21/(-14). Let m be i(x). Let z(l) be the third derivative of -l**4/24 - l**3/6 - l**2. Give z(m).
-3
Suppose 3*o + 4*f - 16 = 14, -4*f = -o - 6. Let q = 2 - -1. Suppose 2 = -q*m + d, -m + o*m - 2 = -d. Let v(r) = -r**2 - r + 4. Determine v(m).
4
Let u(l) = 2*l + 1. Let f be (-84)/(-18)*15/(-10). What is u(f)?
-13
Let b(p) = 3*p + 7. Let x(f) = 7*f + 15. Let c(s) = -9*b(s) + 4*x(s). Let j(n) = -3*n**2 - 32*n - 17. Let i be j(-10). Calculate c(i).
0
Let r(o) = -3*o + 9. Let n = 6 - -1. Calculate r(n).
-12
Let b = 14 - 15. Let n(j) = -j - 1. What is n(b)?
0
Let p = 366 + -363. Let m(d) be the third derivative of d**4/8 - d**3/6 - d**2. What is m(p)?
8
Let k(j) = -j**3 + 5*j**2 + 7*j. Let n be k(6). Suppose 0 = 4*r - n + 30. Let f be 1*(r + 6 + -3). Let z(s) = -s**3 - s**2 + 4*s + 1. What is z(f)?
7
Let d(f) be the second derivative of f**4/12 + f**3 + 5*f**2/2 - f. Let w be d(-6). Let s(k) = 0 + 3*k - 4 - 8*k + k**2. Give s(w).
-4
Let i(x) = -x**3 + 7*x**2 - 6*x + 4. Let k be i(6). Let r be (2 + -2)*(-2)/k. Suppose -3*f + 4*g + 32 = r, -2*g + 6 = -5*f + 36. Let n(t) = t - 4. Give n(f).
0
Suppose 12*g + 75 = -69. Let d(z) = z**3 + 12*z**2 + 4. Calculate d(g).
4
Let m(c) = -26*c. Let v(z) = -5*z. Let w(j) = 3*m(j) - 16*v(j). Give w(-1).
-2
Suppose -6*h = -7*h + 4. Let g(s) = 3 - h + 5 - 1 + s. Suppose 8 = -n - n. Calculate g(n).
-1
Let g(r) = -r**3 + 3*r**2 + 6*r - 6. Let v be g(4). Let j(s) = -s**2 - 1 + 4*s**v - 5*s**2 + s**2. What is j(-2)?
-5
Let r(y) = y - 10. Let k = -14 - -18. Let g be (-1 + 1)*2/k. Determine r(g).
-10
Let d(t) = -t**2 - 9*t - 8. Let i be (-232)/32 + 2/8. Give d(i).
6
Let r(j) be the first derivative of j**4/4 + 2*j**3/3 - j**2/2 - 2*j - 32. Give r(-2).
0
Let j(z) = -8*z + 6 + 5*z + 3*z**2 - 2*z**2. Determine j(4).
10
Let d(i) = -6*i**3 - 3*i**2 - 14*i - 13. Let v(g) = 5*g**3 + 2*g**2 + 13*g + 12. Let h(o) = -6*d(o) - 7*v(o). Give h(-5).
4
Let y(k) = 9*k + 6 - 11*k + 2*k**2 - 6*k**2 + k**3. What is y(5)?
21
Let i(g) = 5*g + 4. Let m(p) = -14*p - 11. Suppose -5*y - 3*f = -0*f - 26, -y - 2*f = -8. Let a(r) = y*m(r) + 11*i(r). What is a(-2)?
2
Let m = -26 + 24. Let c(i) = -i**3 - 4*i**2 - 2*i + 1. Give c(m).
-3
Let c = -40 + 42. Let m(x) = 4*x**3 - 2*x**2 - x. Calculate m(c).
22
Let j(u) be the second derivative of -u**6/180 - u**5/40 + u**4/24 + u**3/6 + 3*u. Let w(x) be the second derivative of j(x). Determine w(-3).
-8
Let l(f) = -4*f**2 - 2*f + 3. Let p(u) = -5*u**2 - 2*u + 3. Let o(b) = -6*l(b) + 5*p(b). What is o(2)?
-3
Let o = -7 + 9. Let l(a) = 3 + 3 - 11*a**2 - a**3 + 0*a**3 + 4*a**o - 5*a. Determine l(-6).
0
Let f(w) = -w**2 + 9*w - 11. Let h(p) = 9 + 3 + p**2 - 10*p + 0. Let t(q) = 3*f(q) + 2*h(q). What is t(6)?
-3
Let f(j) = -j**3 + j**2 + j - 11. Let b(q) = q**3 - 2*q**2 + 1. Let a be b(1). What is f(a)?
-11
Let z(u) be the third derivative of -u**5/20 - 5*u**4/24 - u**3/6 - 16*u**2. Calculate z(-4).
-29
Let y(x) = -x**2 - 2*x + 3. Let z be (-1 - (-6)/8)*-12. Suppose -f = 3*p - 1, -z*f - 5 - 14 = -2*p. Give y(p).
-5
Let s(n) = -n**2 - 8*n. Suppose -4 = 4*m + 12. Calculate s(m).
16
Let l = -2 + 8. Suppose 2*b = 4*m + 24, -5*b + l = -2*b. Let i(u) = -u**2 - 2*u + 6. Calculate i(m).
-9
Let g(x) = 40 + x**2 - 7*x - x**3 - 8*x**2 + 3*x**2 - 45. What is g(-4)?
23
Let w(x) = 8*x + 2*x**2 - 9*x - x**2 - 3*x**2 - 2. What is w(2)?
-12
Suppose 7*r = -0*r + 7. Let l(i) be the first derivative of -5*i**2/2 + i - 1. Determine l(r).
-4
Let o(y) = y + 1. Let s(p) = 2 + p - 2 + 1. Let h(w) = w**2 - 4*w + 17. Let t(j) = -h(j) + 6*s(j). Let f be t(8). Determine o(f).
6
Let z = 2 + 0. Let a(d) = 2*d + 12. Let x be a(-6). Let m(v) = 9 - 5 + x*v - 5 + 2*v. What is m(z)?
3
Suppose -8 = 2*i - 14. Let x(k) = k**2 + k - 1. Let z(y) = -8*y**2 - 10*y + 7. Let d(l) = 18*x(l) + 2*z(l). Determine d(i).
8
Let h(x) = -5 + x + x - x + 4. What is h(3)?
2
Let b(y) be the third derivative of y**6/120 - y**4/24 + y**3/3 - y**2. Let w(u) = -u**3 - 7*u**2 + 8*u - 2. Let q be w(-8). What is b(q)?
-4
Suppose -3*z = -3*a - 2*z - 15, -3*z = -4*a - 25. Let c(j) = -2*j**2 - 5*j + 1. Calculate c(a).
-11
Suppose -4*h + 5*u = -36, 0*h = -5*h + 4*u + 36. Suppose -3*n - h*i = 7, n - 5*i =